 q is divided by d?
20
Suppose -3*c = -4*y + 9, -y - 5*c + 1 = -7. Suppose -j + 10 = -y*j. Calculate the remainder when 22 is divided by (2/j)/(1/(-30)).
10
Let n(p) = p**3 + 4*p**2 + 2*p + 2. Calculate the remainder when 12 is divided by n(-3).
2
Suppose -3*k + 15 = -0*k. Suppose 0 = v + k*w + 4, -8*w = 3*v - 3*w - 18. Calculate the remainder when v is divided by 6.
5
Suppose -6*t + 0*t = -12. Suppose k + k - 8 = 0. Calculate the remainder when k is divided by t.
0
Suppose 0 = 3*c - 2*n - 64, 85 = 5*c + n - 0*n. What is the remainder when c is divided by 7?
4
Let a(t) = 4*t - 8. Let m be 38/(-8) - 1/4. Let r = m - -11. Calculate the remainder when a(r) is divided by 9.
7
Suppose 4 = 4*r + 4*c, -r = -c - 5 - 4. Calculate the remainder when r is divided by 3.
2
Let t(c) = -4*c + 25. Calculate the remainder when t(-5) is divided by ((-3)/4)/(2/(-32)).
9
Let h(f) = 2*f + 8. Let w be h(-6). What is the remainder when 61/2 - w/(-8) is divided by (-237)/(-15) - (-5)/25?
14
Suppose 4 = -2*n, i - 1 = -0*n - 2*n. What is the remainder when i is divided by 3?
2
Let t(i) = 12*i - 1. Calculate the remainder when 104 is divided by t(3).
34
Suppose 2*u + 24 = 3*w + 5*u, 2*u - 4 = 0. Let p = 9 + -21. Calculate the remainder when 19 is divided by 62/w - (-4)/p.
9
Let j = 8 + -1. Suppose w + 2*w = 81. Calculate the remainder when w is divided by j.
6
Suppose 3*q - 351 = 150. Let g = q - 78. Calculate the remainder when g is divided by 15.
14
Suppose -3*k + 5*y - 6 = 0, 0*y + 12 = 3*k + y. Suppose 4*n + k*o + o - 324 = 0, 0 = -4*n - 3*o + 321. Calculate the remainder when n is divided by 27.
24
Let y be (2 - 1)/1 + 7. Let z be (6/y)/(1/(-12)). Let f = z + 19. Calculate the remainder when 29 is divided by f.
9
Let g(o) = 2*o**2 + o - 1. Calculate the remainder when 54 is divided by g(-3).
12
Suppose 0 = -3*k - 3, 4*q - 2*k - 45 = 3*k. Suppose -j - 7 = -q. Calculate the remainder when 9 is divided by j.
0
Let x(a) = a**2 + 3*a + 2. Let c be x(-2). Suppose -4*n + 0*n + 64 = c. Calculate the remainder when 29 is divided by n.
13
Let j(u) = -u**2 - 4*u + 5. Let n be j(-5). Suppose n = -m + 6*m + 10. What is the remainder when ((-6)/(-9))/(m/(-39)) is divided by 5?
3
Suppose -5*p - 1 = -r - 13, 4*r = -8. Let i = 8 - p. What is the remainder when 21 is divided by i?
3
Suppose -6*u + 2*u - 3*s + 46 = 0, -24 = -3*u + 3*s. What is the remainder when (6/(-9))/(6/(-171)) is divided by u?
9
Suppose -4*s + 6 = -s. Let k(w) = 2*w**3 - w**2 + 2. Calculate the remainder when 2/(-6) - (-160)/3 is divided by k(s).
11
Suppose -5*r - 2*j - 194 = 2*j, -41 = r + 3*j. Let s = -26 - r. Calculate the remainder when s is divided by 7.
5
Let d(p) = -10*p**3 - p**2 - 2*p - 1. What is the remainder when 59 is divided by d(-1)?
9
Suppose 40 = -2*b + 3*b. Suppose -3*n - 6*o + 3*o + 9 = 0, 2*n - 3 = -5*o. Calculate the remainder when b is divided by (-280)/(-30)*6/n.
12
Let b be -3 + 3 - 6/(-2). Suppose b*l = -0*l. Suppose 0 = 3*a - l*a - 9. Calculate the remainder when 5 is divided by a.
2
Let b be (-21)/6 - 1/2. Calculate the remainder when 20/(-6)*72/(-15) is divided by 6/b*-6*1.
7
Let m(p) = p**2 + 2*p - 7. Let x(b) = -b + 2. Suppose -c + 5*s - 3 = 0, 3*s - 13 = -c - 0*c. Let k be x(c). Calculate the remainder when 15 is divided by m(k).
7
Let x(l) = 0 + 8*l**2 - 4 - 5*l - 4*l**2. What is the remainder when x(-3) is divided by 10?
7
Let z = 10 + -7. Suppose 0 = -q - 0*q - 4*d + 22, z*d = 9. Suppose 2*c = -2, -2*u - 5*c - 35 = -7*u. What is the remainder when q is divided by u?
4
Let u = -8 - -32. Calculate the remainder when 67 is divided by u.
19
Suppose 50 = 5*h - 20. Let c(t) = t + 11. Calculate the remainder when h is divided by c(-6).
4
Let m(p) = 47*p - 4. What is the remainder when m(3) is divided by 28?
25
Let z(a) = -a**3 - 2*a**2 + 4*a + 3. Calculate the remainder when z(-4) is divided by 11.
8
Let a(s) = -s**3 + 6*s + 1. Let z be a(-5). Let x = z + -49. Calculate the remainder when x is divided by 16.
15
Let t = 267 + -169. What is the remainder when t is divided by 1/((-2)/(-10))*5?
23
Let x = 16 - -5. What is the remainder when 11 is divided by (-3 + 5)*x/6?
4
Suppose -3*n = -2*g - 28 - 12, 0 = 4*g + 20. Let l = -7 + 20. Calculate the remainder when l is divided by n - (0/1 + 2).
5
Let b be (3/1)/((-6)/4). What is the remainder when 4 is divided by b/4*(-3 - 1)?
0
Let q(c) = 8*c - 1. Suppose -230 = -4*f + 22. Suppose -58*u = -f*u + 15. What is the remainder when q(1) is divided by u?
1
Suppose 4*s - 2*s = 4*z - 8, -2*s = -5*z + 12. Calculate the remainder when 13 is divided by (-13 + 1)*z/(-6).
5
Let j = 103 - 90. What is the remainder when 272 is divided by j?
12
Suppose -4*r = 2*y - 142, -40 = -0*r - r - 5*y. Calculate the remainder when r is divided by 13.
9
Suppose 5*r + 5*v - 1 = 4, 0 = -2*r - 5*v + 14. Suppose i = -0 - 5. Calculate the remainder when 11 is divided by r/(-3 + 0) - i.
5
Let a(p) = -2*p + 6. Let w be a(5). Let r = w - -9. Calculate the remainder when r is divided by 3.
2
Suppose -7*o + 88 = b - 2*o, -4*b + 382 = 5*o. Calculate the remainder when b is divided by 10.
8
Let y(o) = 5*o - 3. Let t be y(6). Suppose 0 = 2*f - x - 25, -f + 5*x = 2*f - t. Suppose -4*q + 19 = -1. What is the remainder when f is divided by q?
4
Suppose 5*p + 2 = 2*k - 4, 0 = 5*k - 15. Suppose -4*q + 20 + 12 = p. Let z = 0 + 22. What is the remainder when z is divided by q?
6
Suppose -18 = -2*l + 3*l - 5*t, 0 = 5*l - 4*t - 15. Let i = 65 - 46. What is the remainder when i is divided by l?
5
Let u(c) = -c**3 - 6*c**2 - 3*c - 15. Suppose -5*z - 5*v - 25 = 0, -2*z + 3 = 4*v + 11. Calculate the remainder when 10 is divided by u(z).
1
Let c = -148 - -224. Calculate the remainder when c is divided by 26.
24
Let z(a) = -7*a + 7. Calculate the remainder when z(-3) is divided by 15.
13
Suppose -2*b + 9 = -b. What is the remainder when 41 is divided by b?
5
What is the remainder when 24 is divided by 9/(-27) + 10/3?
0
Suppose 3 = 3*l - 2*l. Calculate the remainder when (12/(12/l))/1 is divided by 1.
0
Let a = 22 + -18. Suppose -2*o + 4*j + 7 = 3*j, 17 = a*o + j. Calculate the remainder when 5 is divided by o.
1
Let j = 56 - 27. Calculate the remainder when j is divided by 10.
9
Let s(y) be the third derivative of -y**6/120 - y**5/20 - 5*y**3/6 + y**2. Let u be s(-4). Let n = u + -4. What is the remainder when n is divided by 4?
3
Let g = -5 + 18. Calculate the remainder when g is divided by 3.
1
Suppose 14 = -3*x + 122. Calculate the remainder when 69 is divided by x.
33
Let a = 1 + 1. Let w(l) = 6*l**2 - 3*l. Let k(i) = i**2 + 10*i - 14. Calculate the remainder when w(a) is divided by k(-12).
8
Let m = 24 - 16. Let h(n) = -21*n**3 + n**2 - n - 1. Calculate the remainder when h(-1) is divided by m.
6
Let w(d) = d**3 - 4*d**2 - 3*d + 2. Let r be w(5). What is the remainder when 178/14 - r/(-42) is divided by 8?
5
Let p(w) = -7 + 3*w + w**2 - w + w. What is the remainder when 7 is divided by p(-5)?
1
Let t = 10 + -2. Calculate the remainder when 30 is divided by t.
6
Let g(v) = 48*v - 8. Calculate the remainder when g(2) is divided by 30.
28
Let y(x) be the third derivative of 5/12*x**4 + 1/60*x**5 - 3*x**2 + 0*x + 0 - 5/6*x**3. What is the remainder when 10 is divided by y(-11)?
4
Let c = 0 - -2. Suppose c*t - 4 = -3*t - m, 4*m = 2*t - 6. What is the remainder when -4*1*2/(-4) is divided by t?
0
Suppose -4*z + 276 + 56 = 0. What is the remainder when z is divided by 21?
20
Let x(z) = -2*z**3 + 3*z**2 + z + 1. Suppose 2*a - 42 = -a. Calculate the remainder when x(-2) is divided by a.
13
Let c be -2*(-1 + -14 - -2). What is the remainder when (-3 + -1)*(-3 + 0) is divided by c/4 - (-1)/2?
5
Let p = 29 + -19. Let a = -90 + 96. What is the remainder when p is divided by a?
4
Let k(g) = -6*g + 5. Suppose 3*a + x - 192 = 0, -5*x = -3*a + 8*a - 310. Suppose 5*o - a = 55. Calculate the remainder when k(-7) is divided by o.
23
Suppose 0*g - 2*g = -60. Calculate the remainder when 117 is divided by g.
27
Let y(v) = -v**2 - 5*v - 1. Let x be y(-4). Suppose -a + 76 = x*a. What is the remainder when 36 is divided by a?
17
Suppose 2*p - 2*l - 90 = 0, 2*p + l - 9 = 78. Let u = p + -15. Calculate the remainder when u is divided by 15.
14
Suppose 3*w + 0*w - 48 = 0. Let a be -2 - (1 + (1 - 4)). Suppose -j + 